{"id":47,"date":"2025-12-25T16:32:30","date_gmt":"2025-12-25T15:32:30","guid":{"rendered":"https:\/\/montazechlazeni.cz\/index.php\/about\/"},"modified":"2026-03-29T14:09:41","modified_gmt":"2026-03-29T12:09:41","slug":"o-nas","status":"publish","type":"page","link":"https:\/\/montazechlazeni.cz\/index.php\/o-nas\/","title":{"rendered":"O n\u00e1s"},"content":{"rendered":"\t\t<div data-elementor-type=\"wp-page\" data-elementor-id=\"47\" class=\"elementor elementor-47\">\n\t\t\t\t\t\t<section class=\"elementor-section elementor-top-section elementor-element elementor-element-417b709 elementor-section-boxed elementor-section-height-default elementor-section-height-default\" data-id=\"417b709\" data-element_type=\"section\" data-e-type=\"section\">\n\t\t\t\t\t\t<div class=\"elementor-container elementor-column-gap-no\">\n\t\t\t\t\t<div class=\"elementor-column elementor-col-100 elementor-top-column elementor-element elementor-element-f4cf935\" data-id=\"f4cf935\" data-element_type=\"column\" data-e-type=\"column\">\n\t\t\t<div class=\"elementor-widget-wrap elementor-element-populated\">\n\t\t\t\t\t\t<div class=\"elementor-element elementor-element-9ffaf88 elementor-invisible elementor-widget elementor-widget-heading\" data-id=\"9ffaf88\" data-element_type=\"widget\" data-e-type=\"widget\" data-settings=\"{&quot;_animation&quot;:&quot;fadeInUp&quot;}\" data-widget_type=\"heading.default\">\n\t\t\t\t\t<h2 class=\"elementor-heading-title elementor-size-default\">O N\u00c1S<\/h2>\t\t\t\t<\/div>\n\t\t\t\t<div class=\"elementor-element elementor-element-9cbc638 elementor-invisible elementor-widget elementor-widget-text-editor\" data-id=\"9cbc638\" data-element_type=\"widget\" data-e-type=\"widget\" data-settings=\"{&quot;_animation&quot;:&quot;fadeInUp&quot;,&quot;_animation_delay&quot;:200}\" data-widget_type=\"text-editor.default\">\n\t\t\t\t\t\t\t\t\t<p>Jsme nejv\u011bt\u0161\u00ed mont\u00e1\u017en\u00ed firma v\u00a0\u010cesk\u00e9 republice, zab\u00fdvaj\u00edc\u00ed se dod\u00e1vkami a mont\u00e1\u017eemi \u010dpavkov\u00fdch chladic\u00edch za\u0159\u00edzen\u00ed, s\u00a0v\u00edce ne\u017e t\u0159icetilet\u00fdmi zku\u0161enostmi v\u00a0oboru.<\/p><p>Vlastn\u00edme v\u0161echna pot\u0159ebn\u00e1 opr\u00e1vn\u011bn\u00ed pro dod\u00e1vky a mont\u00e1\u017ee chladic\u00edch za\u0159\u00edzen\u00ed v\u010detn\u011b <a href=\"https:\/\/montazechlazeni.cz\/wp-content\/uploads\/2026\/03\/Certifikat-EN-ISO-3834-22022.pdf\"><u>certifik\u00e1tu \u010cSN EN ISO 3834-2:2022<\/u><\/a> pro oblast \u010dinnosti \u201eproces sva\u0159ov\u00e1n\u00ed p\u0159i dod\u00e1vk\u00e1ch a mont\u00e1\u017ei chladic\u00edho za\u0159\u00edzen\u00ed\u201c.<\/p><p>Na\u0161imi z\u00e1kazn\u00edky jsou potravin\u00e1\u0159sk\u00e9 z\u00e1vody, ml\u00e9k\u00e1rny, masokombin\u00e1ty, dr\u016fbe\u017e\u00e1\u0159sk\u00e9 z\u00e1vody, pivovary, mraz\u00edrensk\u00e9 a chlad\u00edrensk\u00e9 sklady a distribu\u010dn\u00ed centra, zimn\u00ed stadiony a v\u0161ichni ostatn\u00ed, kte\u0159\u00ed pot\u0159ebuj\u00ed velk\u00e9 v\u00fdkony chlad\u00edc\u00edho za\u0159\u00edzen\u00ed.<\/p><p>Disponujeme vlastn\u00edmi mont\u00e9ry, sv\u00e1\u0159e\u010di, vlastn\u00edm vybaven\u00edm a pot\u0159ebn\u00fdm za\u0159\u00edzen\u00edm pro mont\u00e1\u017e \u010dpavkov\u00fdch chladic\u00edch za\u0159\u00edzen\u00ed. Krom\u011b chladic\u00edch za\u0159\u00edzen\u00ed \u010dpavkov\u00fdch um\u00edme t\u00e9\u017e dodat a namontovat chladic\u00ed za\u0159\u00edzen\u00ed s\u00a0chladic\u00edm m\u00e9diem CO2.<\/p><p>Rozsah dod\u00e1vky m\u016f\u017ee b\u00fdt od v\u00fdm\u011bny jednotliv\u00fdch komponent nebo st\u00e1vaj\u00edc\u00edho potrub\u00ed p\u0159es rekonstrukce a\u017e po dod\u00e1vky nov\u00fdch chladic\u00edch za\u0159\u00edzen\u00ed v\u010detn\u011b n\u00e1vrhu a zpracov\u00e1n\u00ed projektov\u00e9 dokumentace.<\/p><p>Na\u0161im z\u00e1kazn\u00edk\u016fm nab\u00edz\u00edme :<\/p><ul><li>Individu\u00e1ln\u00ed p\u0159\u00edstup<\/li><li>Kvalitn\u00ed realizaci a spolehliv\u00fd servis<\/li><li>\u0158e\u0161en\u00ed na m\u00edru v\u010detn\u011b \u0159e\u0161en\u00ed specifick\u00fdch po\u017eadavk\u016f<\/li><li>Dlouhodobou podporu<\/li><\/ul>\t\t\t\t\t\t\t\t<\/div>\n\t\t\t\t<div class=\"elementor-element elementor-element-40c316d elementor-widget elementor-widget-image-gallery\" data-id=\"40c316d\" data-element_type=\"widget\" data-e-type=\"widget\" data-widget_type=\"image-gallery.default\">\n\t\t\t\t\t\t\t<div class=\"elementor-image-gallery\">\n\t\t\t<div id='gallery-1' class='gallery galleryid-47 gallery-columns-4 gallery-size-1536x1536'><figure class='gallery-item'>\n\t\t\t<div class='gallery-icon landscape'>\n\t\t\t\t<a data-elementor-open-lightbox=\"yes\" data-elementor-lightbox-slideshow=\"40c316d\" data-elementor-lightbox-title=\"vodnany6\" data-e-action-hash=\"#elementor-action%3Aaction%3Dlightbox%26settings%3DeyJpZCI6MTkyLCJ1cmwiOiJodHRwczpcL1wvbW9udGF6ZWNobGF6ZW5pLmN6XC93cC1jb250ZW50XC91cGxvYWRzXC8yMDI1XC8xMlwvdm9kbmFueTYuanBnIiwic2xpZGVzaG93IjoiNDBjMzE2ZCJ9\" href='https:\/\/montazechlazeni.cz\/wp-content\/uploads\/2025\/12\/vodnany6.jpg'><img fetchpriority=\"high\" decoding=\"async\" width=\"1000\" height=\"750\" src=\"https:\/\/montazechlazeni.cz\/wp-content\/uploads\/2025\/12\/vodnany6.jpg\" class=\"attachment-1536x1536 size-1536x1536\" alt=\"\" srcset=\"https:\/\/montazechlazeni.cz\/wp-content\/uploads\/2025\/12\/vodnany6.jpg 1000w, https:\/\/montazechlazeni.cz\/wp-content\/uploads\/2025\/12\/vodnany6-300x225.jpg 300w, https:\/\/montazechlazeni.cz\/wp-content\/uploads\/2025\/12\/vodnany6-768x576.jpg 768w\" sizes=\"(max-width: 1000px) 100vw, 1000px\" \/><\/a>\n\t\t\t<\/div><\/figure><figure class='gallery-item'>\n\t\t\t<div class='gallery-icon landscape'>\n\t\t\t\t<a data-elementor-open-lightbox=\"yes\" data-elementor-lightbox-slideshow=\"40c316d\" data-elementor-lightbox-title=\"Vod\u0148any5\" data-e-action-hash=\"#elementor-action%3Aaction%3Dlightbox%26settings%3DeyJpZCI6MjE3LCJ1cmwiOiJodHRwczpcL1wvbW9udGF6ZWNobGF6ZW5pLmN6XC93cC1jb250ZW50XC91cGxvYWRzXC8yMDI1XC8xMlwvVm9kbmFueTUtc2NhbGVkLmpwZyIsInNsaWRlc2hvdyI6IjQwYzMxNmQifQ%3D%3D\" href='https:\/\/montazechlazeni.cz\/wp-content\/uploads\/2025\/12\/Vodnany5-scaled.jpg'><img decoding=\"async\" width=\"1536\" height=\"1152\" src=\"https:\/\/montazechlazeni.cz\/wp-content\/uploads\/2025\/12\/Vodnany5-1536x1152.jpg\" class=\"attachment-1536x1536 size-1536x1536\" alt=\"\" srcset=\"https:\/\/montazechlazeni.cz\/wp-content\/uploads\/2025\/12\/Vodnany5-1536x1152.jpg 1536w, https:\/\/montazechlazeni.cz\/wp-content\/uploads\/2025\/12\/Vodnany5-300x225.jpg 300w, https:\/\/montazechlazeni.cz\/wp-content\/uploads\/2025\/12\/Vodnany5-1024x768.jpg 1024w, https:\/\/montazechlazeni.cz\/wp-content\/uploads\/2025\/12\/Vodnany5-768x576.jpg 768w, https:\/\/montazechlazeni.cz\/wp-content\/uploads\/2025\/12\/Vodnany5-2048x1536.jpg 2048w\" sizes=\"(max-width: 1536px) 100vw, 1536px\" \/><\/a>\n\t\t\t<\/div><\/figure><figure class='gallery-item'>\n\t\t\t<div class='gallery-icon landscape'>\n\t\t\t\t<a data-elementor-open-lightbox=\"yes\" data-elementor-lightbox-slideshow=\"40c316d\" data-elementor-lightbox-title=\"Bravantice5\" data-e-action-hash=\"#elementor-action%3Aaction%3Dlightbox%26settings%3DeyJpZCI6MjE4LCJ1cmwiOiJodHRwczpcL1wvbW9udGF6ZWNobGF6ZW5pLmN6XC93cC1jb250ZW50XC91cGxvYWRzXC8yMDI1XC8xMlwvQnJhdmFudGljZTUtc2NhbGVkLmpwZyIsInNsaWRlc2hvdyI6IjQwYzMxNmQifQ%3D%3D\" href='https:\/\/montazechlazeni.cz\/wp-content\/uploads\/2025\/12\/Bravantice5-scaled.jpg'><img decoding=\"async\" width=\"1536\" height=\"1148\" src=\"https:\/\/montazechlazeni.cz\/wp-content\/uploads\/2025\/12\/Bravantice5-1536x1148.jpg\" class=\"attachment-1536x1536 size-1536x1536\" alt=\"\" srcset=\"https:\/\/montazechlazeni.cz\/wp-content\/uploads\/2025\/12\/Bravantice5-1536x1148.jpg 1536w, https:\/\/montazechlazeni.cz\/wp-content\/uploads\/2025\/12\/Bravantice5-300x224.jpg 300w, https:\/\/montazechlazeni.cz\/wp-content\/uploads\/2025\/12\/Bravantice5-1024x765.jpg 1024w, https:\/\/montazechlazeni.cz\/wp-content\/uploads\/2025\/12\/Bravantice5-768x574.jpg 768w, https:\/\/montazechlazeni.cz\/wp-content\/uploads\/2025\/12\/Bravantice5-2048x1530.jpg 2048w\" sizes=\"(max-width: 1536px) 100vw, 1536px\" \/><\/a>\n\t\t\t<\/div><\/figure><figure class='gallery-item'>\n\t\t\t<div class='gallery-icon landscape'>\n\t\t\t\t<a data-elementor-open-lightbox=\"yes\" data-elementor-lightbox-slideshow=\"40c316d\" data-elementor-lightbox-title=\"Bravantice4\" data-e-action-hash=\"#elementor-action%3Aaction%3Dlightbox%26settings%3DeyJpZCI6MjM4LCJ1cmwiOiJodHRwczpcL1wvbW9udGF6ZWNobGF6ZW5pLmN6XC93cC1jb250ZW50XC91cGxvYWRzXC8yMDI1XC8xMlwvQnJhdmFudGljZTQuanBnIiwic2xpZGVzaG93IjoiNDBjMzE2ZCJ9\" href='https:\/\/montazechlazeni.cz\/wp-content\/uploads\/2025\/12\/Bravantice4.jpg'><img loading=\"lazy\" decoding=\"async\" width=\"1000\" height=\"750\" src=\"https:\/\/montazechlazeni.cz\/wp-content\/uploads\/2025\/12\/Bravantice4.jpg\" class=\"attachment-1536x1536 size-1536x1536\" alt=\"\" srcset=\"https:\/\/montazechlazeni.cz\/wp-content\/uploads\/2025\/12\/Bravantice4.jpg 1000w, https:\/\/montazechlazeni.cz\/wp-content\/uploads\/2025\/12\/Bravantice4-300x225.jpg 300w, https:\/\/montazechlazeni.cz\/wp-content\/uploads\/2025\/12\/Bravantice4-768x576.jpg 768w\" sizes=\"(max-width: 1000px) 100vw, 1000px\" \/><\/a>\n\t\t\t<\/div><\/figure>\n\t\t<\/div>\n\t\t<\/div>\n\t\t\t\t\t\t<\/div>\n\t\t\t\t\t<\/div>\n\t\t<\/div>\n\t\t\t\t\t<\/div>\n\t\t<\/section>\n\t\t\t\t<\/div>\n\t\t","protected":false},"excerpt":{"rendered":"<p>O N\u00c1S Jsme nejv\u011bt\u0161\u00ed mont\u00e1\u017en\u00ed firma v\u00a0\u010cesk\u00e9 republice, zab\u00fdvaj\u00edc\u00ed se dod\u00e1vkami a mont\u00e1\u017eemi \u010dpavkov\u00fdch chladic\u00edch za\u0159\u00edzen\u00ed, s\u00a0v\u00edce ne\u017e t\u0159icetilet\u00fdmi zku\u0161enostmi v\u00a0oboru. Vlastn\u00edme v\u0161echna pot\u0159ebn\u00e1 opr\u00e1vn\u011bn\u00ed pro dod\u00e1vky a mont\u00e1\u017ee chladic\u00edch za\u0159\u00edzen\u00ed v\u010detn\u011b certifik\u00e1tu \u010cSN EN ISO 3834-2:2022 pro oblast \u010dinnosti \u201eproces sva\u0159ov\u00e1n\u00ed p\u0159i dod\u00e1vk\u00e1ch a mont\u00e1\u017ei chladic\u00edho za\u0159\u00edzen\u00ed\u201c. Na\u0161imi z\u00e1kazn\u00edky jsou potravin\u00e1\u0159sk\u00e9 z\u00e1vody, ml\u00e9k\u00e1rny, masokombin\u00e1ty, [&hellip;]<\/p>\n","protected":false},"author":1,"featured_media":0,"parent":0,"menu_order":0,"comment_status":"closed","ping_status":"closed","template":"elementor_header_footer","meta":{"_eb_attr":"","_monsterinsights_skip_tracking":false,"_monsterinsights_sitenote_active":false,"_monsterinsights_sitenote_note":"","_monsterinsights_sitenote_category":0,"footnotes":""},"class_list":["post-47","page","type-page","status-publish","hentry"],"aioseo_notices":[],"_links":{"self":[{"href":"https:\/\/montazechlazeni.cz\/index.php\/wp-json\/wp\/v2\/pages\/47","targetHints":{"allow":["GET"]}}],"collection":[{"href":"https:\/\/montazechlazeni.cz\/index.php\/wp-json\/wp\/v2\/pages"}],"about":[{"href":"https:\/\/montazechlazeni.cz\/index.php\/wp-json\/wp\/v2\/types\/page"}],"author":[{"embeddable":true,"href":"https:\/\/montazechlazeni.cz\/index.php\/wp-json\/wp\/v2\/users\/1"}],"replies":[{"embeddable":true,"href":"https:\/\/montazechlazeni.cz\/index.php\/wp-json\/wp\/v2\/comments?post=47"}],"version-history":[{"count":33,"href":"https:\/\/montazechlazeni.cz\/index.php\/wp-json\/wp\/v2\/pages\/47\/revisions"}],"predecessor-version":[{"id":555,"href":"https:\/\/montazechlazeni.cz\/index.php\/wp-json\/wp\/v2\/pages\/47\/revisions\/555"}],"wp:attachment":[{"href":"https:\/\/montazechlazeni.cz\/index.php\/wp-json\/wp\/v2\/media?parent=47"}],"curies":[{"name":"wp","href":"https:\/\/api.w.org\/{rel}","templated":true}]}}